3, 11
Suppose 3*i + 3*j - 7*j = 3, -4*j = -2*i + 2. Suppose -10 = -5*t, 0*t = -5*r + 2*t + i. List the prime factors of (r - 3) + 2 + 6.
2, 3
Let h(d) = d. Let b be h(3). Let v(w) = w**3 - 5*w**2 + 8*w - 2. What are the prime factors of v(b)?
2
Suppose 0 = -13*i + 16*i - 1725. What are the prime factors of i?
5, 23
Let v(b) = -5*b + b**3 + 4 - 3*b**2 + 3*b - 3*b. Let a be v(4). Suppose a*o + 20 = o. List the prime factors of o.
2, 5
Let m(i) = 2*i**2 - 9*i + 3. Let z be m(13). Suppose -1 - z = -5*r. What are the prime factors of r?
3, 5
Suppose -2*n + 262 = 4*h, 3*n = -2*n + h + 666. Suppose n + 75 = 4*t. What are the prime factors of t?
2, 13
Let m(c) = -c**2 - 3*c + 11. Let x be m(-5). Let z be -1 + (3 - x) + 22. Suppose 4*l - z = 1. What are the prime factors of l?
2, 3
Suppose 834 = g + 5*g. Suppose 3*x + 3 = 0, -l = -2*x - 0*x - g. What are the prime factors of l?
137
Let x(r) = 3*r**3 - 5*r**2 + 2*r + 1. Let z be x(3). Let y = 101 - z. What are the prime factors of y?
2, 29
What are the prime factors of (16258/55)/(6/120)?
2, 739
Suppose 0 - 3 = -o. Suppose o*x = x - 18. Let t(v) = -v + 8. What are the prime factors of t(x)?
17
Let v = -448 + 320. Let a = -62 - v. List the prime factors of a.
2, 3, 11
Let i(c) = c**3 + 4*c**2 - 8*c - 7. Let u be i(-5). Suppose 3*g + 5*z + 18 = -u, -10 = 2*g - 4*z. What are the prime factors of (-8)/28 - 226/g?
2
Let p(g) be the second derivative of g**5/20 + g**4/12 + 2*g**2 - 3*g. Let d be p(0). Suppose -d*t - 15 = -9*t. List the prime factors of t.
3
Let g(t) = t**2 - 6*t + 6. Let a be g(6). What are the prime factors of (4/a + 2)*(-132)/(-8)?
2, 11
Let p be 1 - 60 - (-1 + -1). Let n = 60 + 21. Let v = p + n. List the prime factors of v.
2, 3
Suppose -3 = 3*a, -4*d - 35 = 2*a + 27. Let m = 2 - d. List the prime factors of m.
17
List the prime factors of (138 - 0)*(-4 - -13).
2, 3, 23
What are the prime factors of (-10)/((-5)/59*36/90)?
5, 59
Suppose -331*h - 54 = -332*h. List the prime factors of h.
2, 3
Suppose 0*g - 7 = g - 3*u, 21 = -3*g + 4*u. Let t(z) = z**2 + 6*z - 5. Let f be t(g). Suppose 76 = 3*x - 4*s - 17, 155 = 5*x - f*s. List the prime factors of x.
31
Suppose 0 = 3*m - 7*m. Suppose m = -0*n + n + 6. Let x(a) = -a**3 - 5*a**2 - 2*a - 6. List the prime factors of x(n).
2, 3, 7
Let f(w) = -w**3 - 6*w**2 - 11*w - 12. Let i be f(-7). Suppose 2*j - 7*j - 84 = -4*p, -5*p + i = -4*j. What are the prime factors of p?
2, 13
Let u(k) = k**3 - 2*k**2 - 11*k - 3. Let b be u(6). Suppose -x - 3*x - 3*q = 4, -3*x = -q - 10. Suppose -x*a = a - b. List the prime factors of a.
5
Let v be ((-1)/(-3))/(1/(-3)). Let y(d) = d**2 + d + 2. Let g be y(v). Suppose -2*m - 3*m + 98 = 3*c, 2*m = -g*c + 36. List the prime factors of m.
2, 11
Let d(o) = 27*o + 38. What are the prime factors of d(3)?
7, 17
Let t be (-4)/2*(-2 + 1). Suppose 4*l = 5*u + 5*l, -20 = 5*u + 5*l. List the prime factors of -18*(u + -2)*t.
2, 3
Let n be 7/(-14) + (-3210)/(-4). Suppose w + 1339 = -0*y + 5*y, -n = -3*y + 2*w. List the prime factors of y.
2, 67
Let g be 4 + (2 + 2)/1. Suppose g = 4*o - c + 3*c, -c = -o - 1. List the prime factors of o/(-4) - 692/(-16).
43
Let j(p) = 3*p**2 + 29*p + 18. List the prime factors of j(-20).
2, 11, 29
List the prime factors of (-131)/((55/30)/(-11)).
2, 3, 131
Suppose 27*l - 4869 - 5769 = 0. What are the prime factors of l?
2, 197
Let s(g) = -31*g - 2. Let a be s(-2). Let k = 168 - a. Suppose -2*n - 3*n - 5*b = -200, -k = -2*n + 5*b. List the prime factors of n.
2, 11
Suppose -3*u = -2 - 4. Let p be 42/28*(0 + u). Suppose -d - 16 = -3*b - 3*d, -5*b + 52 = -p*d. What are the prime factors of b?
2
Let r(k) = -16*k + 57. Let c(h) = -8*h + 29. Let n(b) = -5*c(b) + 2*r(b). List the prime factors of n(13).
73
Let w(o) = 7*o**2 - 9*o + 12. Let f(i) = -20*i**2 + 27*i - 37. Let x(j) = -4*f(j) - 11*w(j). List the prime factors of x(5).
2, 23
Let a = -9 - -10. Let v = a - -6. Let z = 25 - v. List the prime factors of z.
2, 3
Let a(h) = h**2 - 8*h + 10. Suppose 0*k + 20 = 4*k. Let b be a(k). List the prime factors of (-504)/(-35) - (-2)/b.
2, 7
Suppose v + 5 = 4. What are the prime factors of (3*173/(-3))/v?
173
Let r = 3712 - 992. List the prime factors of r.
2, 5, 17
Suppose -f = -5*y - 30, 0*y + 120 = 4*f - y. Suppose -2*z - 30 = 2*j, -5*j - 51 + 136 = -3*z. What are the prime factors of (-106)/(-6) + z/f?
17
Suppose 3*n = -5*k + 9, 0*n - 2*n = -k - 6. Let r be 85 + n + -3 - 1. Suppose -2*y - y + r = 0. What are the prime factors of y?
2, 7
Suppose 0 = 3*r + 5*b + 52, r - 3 + 2 = 2*b. Let w = 20 + r. What are the prime factors of w?
11
Suppose 3*j + 40 = 7*j. Suppose -2*o = 2*o + 3*s - 6, s = -4*o + j. List the prime factors of 2 - o/((-3)/37).
3, 13
Let l(c) = 3*c**2 - 26*c - 48. List the prime factors of l(29).
1721
Let w be 3/12 + (-19)/(-4). Suppose -h - 3*h + 284 = -2*k, w*h - 361 = 4*k. What are the prime factors of h?
3, 23
Let a = -382 + 544. Suppose 10*r = 4*r - a. List the prime factors of 24/5*(-90)/r.
2
Let s = 98 - 114. List the prime factors of (-1014)/(-54) + (2 - s/(-9)).
19
Let t be 13/6 + (-32)/192. Suppose 614 = 4*j + t*d, -7*j + 3*d = -5*j - 303. What are the prime factors of j?
3, 17
Suppose -1674*t = -1679*t + 5355. List the prime factors of t.
3, 7, 17
Suppose 3*q - 4*n - n = 1078, -q + 5*n = -366. What are the prime factors of q?
2, 89
Let i(h) = h**2 - 16*h - 92. What are the prime factors of i(-21)?
5, 137
Let h(g) be the first derivative of g**3/3 + 4*g**2 - 3*g + 7. Let q be h(-8). What are the prime factors of (-36)/(-1) + 3/q?
5, 7
Let m be ((-72)/(-10))/((-2)/10). Let i be ((-3)/3)/(((-2)/17)/(-2)). Let j = i - m. List the prime factors of j.
19
Let p be ((-6)/4)/(63/84). What are the prime factors of (-10 - 29)/(6/p)?
13
Let u = -126 - -219. Suppose 91*h + 12 = u*h. What are the prime factors of h?
2, 3
Let f = -20 - 20. Let z be 3/(-1) - (4 - -67). Let b = f - z. List the prime factors of b.
2, 17
Suppose -3*n + 2*g = -6, 15 = -3*g + 6. Suppose -i + n*f = -2*f - 41, -i = 4*f - 11. List the prime factors of i.
31
Let c be (-1)/(18/(-8) + 2). Let f be -1 + (c/(-4) - 0). List the prime factors of (0 + f - -26) + 3.
3
Let g(n) = 6*n**3 - n**2 - 5*n + 3. Let j(q) = -7*q**3 + 6*q - 3. Let k(b) = 6*g(b) + 5*j(b). What are the prime factors of k(6)?
3
Suppose -5*x + 2*x + 123 = 0. Suppose 0*g + 54 = 2*g - q, -4*q = -g + x. List the prime factors of g.
5
Let i = -63 + 60. List the prime factors of (-2)/i - (-16)/3.
2, 3
Let k = -904 + 1499. Let z = k + -351. List the prime factors of z.
2, 61
Let n be (-1)/((-4)/(-6900)*3). Let t = -342 - n. List the prime factors of t.
233
Let z = 4853 - 2210. List the prime factors of z.
3, 881
Let d(x) = 5*x**2 + 4*x - 3. Let g be d(2). Suppose g = 3*v + 2*v. Let n = -3 + v. What are the prime factors of n?
2
Suppose 3*i = -i + 3*q - 20, i - 10 = -3*q. Let j = i - -48. What are the prime factors of j?
2, 23
Suppose 6*f - f - 4*c - 6733 = 0, -5*f - 5*c = -6760. What are the prime factors of f?
19, 71
Let k be (335/3)/(2/6). Let b = -123 + k. List the prime factors of b.
2, 53
Suppose z + 3 = v - 201, -5*v = -3*z - 1014. Suppose -2*r - r = 5*p - 659, -r + 3*p + v = 0. What are the prime factors of r?
3, 71
Let o(k) = -k + 2. Let z be o(24). Let d = z + 49. List the prime factors of d.
3
Let w(j) = -j**3 + 16*j**2 + 12. Suppose 4*s + 6 = 30. Let t be (-8)/12 + 100/s. List the prime factors of w(t).
2, 3
Let i = -2922 - -5759. List the prime factors of i.
2837
Suppose 2 = n - r - 2, 0 = n - 3*r + 6. Suppose 378 = -n*b + 1098. What are the prime factors of b?
2, 5
Let o(j) be the second derivative of -j**5/20 - j**4/3 - 5*j**3/6 + 7*j + 2. Suppose 0 = 5*c + 2*a + 20, c - 3*c + a - 8 = 0. List the prime factors of o(c).
2, 5
Let b be (-1)/(-5) + (-99)/(-5). Suppose -5*g + 25 = -0*g - 5*h, 4*h + b = 2*g. Suppose g = 2*k - 0*k - 66. List the prime factors of k.
3, 11
Suppose -53*q + 66461 = 21358. What are the prime factors of q?
23, 37
Let t = -413 + 1465. List the prime factors of t.
2, 263
Let d(v) = v**3 - 18*v**2 - 14*v - 25. What are the prime factors of d(19)?
2, 5, 7
Suppose -4773 = -12*t + 423. What are the prime factors of t?
433
Suppose -5*l = 5*f + 1629 - 4634, -1783 = -3*f + l. List the prime factors of f.
2, 149
Let t(c) = 10 - 7 + 10 + 3 + c.